e factors of 55684376.
2, 11, 632777
What are the prime factors of 135450059?
23, 1033, 5701
List the prime factors of 23050542.
2, 3, 3841757
List the prime factors of 14952737.
23, 277, 2347
What are the prime factors of 195439811?
7, 27919973
List the prime factors of 3664514746.
2, 439, 727, 5741
List the prime factors of 445141590.
2, 3, 5, 29, 43, 73, 163
List the prime factors of 161593495.
5, 7, 4616957
What are the prime factors of 754952580?
2, 3, 5, 4194181
What are the prime factors of 941288852?
2, 7, 197, 170647
What are the prime factors of 1692421878?
2, 3, 7, 197, 29221
What are the prime factors of 55428117?
3, 197, 93787
List the prime factors of 20653134.
2, 3, 3442189
List the prime factors of 225929648.
2, 7, 563, 3583
What are the prime factors of 139670639?
5689, 24551
List the prime factors of 6283064717.
31, 107, 569, 3329
What are the prime factors of 174449162?
2, 107, 659, 1237
What are the prime factors of 658545002?
2, 853, 386017
What are the prime factors of 586399516?
2, 11117, 13187
What are the prime factors of 2524442554?
2, 10499, 120223
What are the prime factors of 87392510?
2, 5, 127, 68813
What are the prime factors of 751229489?
26737, 28097
What are the prime factors of 2473140486?
2, 3, 491, 839491
What are the prime factors of 427057329?
3, 142352443
What are the prime factors of 1525631109?
3, 131, 233, 16661
What are the prime factors of 729538503?
3, 243179501
List the prime factors of 9762285.
3, 5, 13, 3851
What are the prime factors of 372010717?
13, 23, 1244183
List the prime factors of 234467353.
19, 31, 398077
List the prime factors of 1968398422.
2, 984199211
List the prime factors of 2002277382.
2, 3, 7, 4603, 10357
List the prime factors of 301301400.
2, 3, 5, 31, 97, 167
What are the prime factors of 134185917?
3, 313, 142903
What are the prime factors of 2617736134?
2, 13, 19, 5299061
What are the prime factors of 296653062?
2, 3, 59, 838003
List the prime factors of 218667713.
11, 19, 1046257
List the prime factors of 56396310.
2, 3, 5, 17, 110581
List the prime factors of 76322883.
3, 7, 13, 279571
List the prime factors of 40734999.
3, 4526111
What are the prime factors of 58694597?
13, 23, 196303
What are the prime factors of 26118464?
2, 19, 47, 457
List the prime factors of 81442911.
3, 11, 19, 129893
What are the prime factors of 198945986?
2, 99472993
What are the prime factors of 5968096384?
2, 19, 59, 41593
What are the prime factors of 192303810?
2, 3, 5, 353, 6053
List the prime factors of 121492801.
53, 2292317
List the prime factors of 6967650992.
2, 547, 796121
List the prime factors of 327050760.
2, 3, 5, 17, 160319
List the prime factors of 606938035.
5, 11, 11035237
What are the prime factors of 1216853880?
2, 3, 5, 11, 17, 211, 257
What are the prime factors of 1181155578?
2, 3, 8233, 23911
List the prime factors of 91165374.
2, 3, 83, 139, 439
List the prime factors of 1182116065.
5, 13, 19, 103, 9293
What are the prime factors of 199173330?
2, 3, 5, 23, 10691
List the prime factors of 78779569.
11, 43, 151, 1103
List the prime factors of 21960517.
73, 283, 1063
List the prime factors of 19815381.
3, 29, 25307
What are the prime factors of 2983835851?
59, 113, 487, 919
What are the prime factors of 464326364?
2, 163, 712157
What are the prime factors of 101747376?
2, 3, 83, 8513
List the prime factors of 859646526.
2, 3, 19, 61, 123619
What are the prime factors of 3014803664?
2, 17, 53, 163, 1283
What are the prime factors of 180351676?
2, 31, 163, 8923
List the prime factors of 3719713133.
6899, 539167
What are the prime factors of 2247792930?
2, 3, 5, 311, 8923
List the prime factors of 1415893313.
1415893313
What are the prime factors of 481321551?
3, 5167, 31051
List the prime factors of 73479536.
2, 13, 19, 18593
What are the prime factors of 316796360?
2, 5, 17, 373, 1249
What are the prime factors of 1529399790?
2, 3, 5, 1949, 8719
List the prime factors of 5325363525.
3, 5, 29, 2448443
What are the prime factors of 54535169?
13, 31, 131, 1033
What are the prime factors of 7637353780?
2, 5, 7, 23, 2371849
What are the prime factors of 3708956032?
2, 811, 35729
What are the prime factors of 49752811?
19, 103, 25423
List the prime factors of 3197151688.
2, 47, 8503063
List the prime factors of 1192539262.
2, 1447, 412073
What are the prime factors of 152414835?
3, 5, 41, 247829
What are the prime factors of 2160441209?
17, 61, 2083357
List the prime factors of 289108645.
5, 7, 547, 15101
What are the prime factors of 478936671?
3, 159645557
What are the prime factors of 331411399?
11, 79, 381371
List the prime factors of 1153590379.
1153590379
List the prime factors of 574046454.
2, 3, 131, 730339
What are the prime factors of 201062743?
7, 28723249
List the prime factors of 3768312324.
2, 3, 7, 79, 269, 2111
What are the prime factors of 4621678022?
2, 13, 177756847
What are the prime factors of 274256693?
73, 3756941
List the prime factors of 6087645597.
3, 11, 163, 547, 2069
What are the prime factors of 145763701?
145763701
List the prime factors of 193588852.
2, 48397213
List the prime factors of 946476922.
2, 473238461
List the prime factors of 770114789.
601, 1281389
What are the prime factors of 86431449?
3, 13, 47, 61, 773
List the prime factors of 6756942501.
3, 14177, 52957
What are the prime factors of 2436630134?
2, 2879, 423173
List the prime factors of 31992354.
2, 3, 592451
List the prime factors of 9292686.
2, 3, 13, 109, 1093
What are the prime factors of 1838739053?
31, 1163, 51001
List the prime factors of 157541688.
2, 3, 29, 197, 383
List the prime factors of 2505690743.
47, 53312569
List the prime factors of 3323898998.
2, 7, 237421357
List the prime factors of 261614480.
2, 5, 73, 44797
List the prime factors of 112921824.
2, 3, 29, 47, 863
What are the prime factors of 67503657?
3, 13, 1730863
List the prime factors of 44501368.
2, 31, 179441
What are the prime factors of 73090555?
5, 14618111
List the prime factors of 39067969.
39067969
What are the prime factors of 5551812?
2, 3, 7, 22031
What are the prime factors of 168532046?
2, 3119, 27017
What are the prime factors of 1493268516?
2, 3, 1657, 25033
List the prime factors of 44143300.
2, 5, 239, 1847
What are the prime factors of 445774438?
2, 277, 307, 2621
What are the prime factors of 195619913?
181, 1080773
List the prime factors of 1655787455.
5, 7, 43, 907, 1213
List the prime factors of 41406463.
7, 23, 43, 5981
List the prime factors of 41416928.
2, 7, 23, 8039
What are the prime factors of 1547631735?
3, 5, 13, 1303, 6091
What are the prime factors of 20617656?
2, 3, 383, 2243
List the prime factors of 423029525.
5, 29, 73, 7993
List the prime factors of 50064741.
3, 5562749
What are the prime factors of 384249506?
2, 192124753
What are the prime factors of 246056874?
2, 3, 7, 5858497
List the prime factors of 689102832.
2, 3, 11, 409, 3191
List the prime factors of 1029614791.
61, 151, 111781
List the prime factors of 459930476.
2, 179, 642361
List the prime factors of 40605087.
3, 13535029
List the prime factors of 3630355428.
2, 3, 7, 43218517
What are the prime factors of 442582169?
23, 199, 96697
List the prime factors of 8235836.
2, 7, 223, 1319
What are the prime factors of 36485211?
3, 7, 1737391
List the prime factors of 9702184.
2, 1212773
What are the prime factors of 229485395?
5, 45897079
List the prime factors of 2894943721.
19, 152365459
What are the prime factors of 699499216?
2, 13, 109, 30853
List the prime factors of 64745637.
3, 11, 1961989
What are the prime factors of 111835783?
1487, 75209
List the prime factors of 313884741.
3, 149, 702203
List the prime factors of 36283040.
2, 5, 226769
List the prime factors of 792679829.
19, 97, 22637
What are the prime factors of 1728313338?
2, 3, 10973, 26251
List the prime factors of 269944525.
5, 239, 45179
What are the prime factors of 1179314701?
17, 69371453
List the prime factors of 290778382.
2, 83, 829, 2113
What are the prime factors of 302653217?
31, 9763007
What are the prime factors of 1844664000?
2, 3, 5, 101, 761
What are the prime factors of 572571269?
23, 24894403
What are the prime factors of 360249408?
2, 3, 61, 10253
What are the prime factors of 518353992?
2, 3, 13, 43, 53
What are th